 -5*b = c + 391. Let z = c - -709. Calculate the remainder when z is divided by 103.
97
Let d = 500 + -456. Let b(t) = 7*t - 9. Let l be b(6). Let n = d - l. Calculate the remainder when 41 is divided by n.
8
Suppose -74*r + 76*r - 936 = 0. What is the remainder when r is divided by 46?
8
Suppose -7 - 1 = -2*c. Suppose c = h - 7. Suppose 448 = -428*d + 444*d. What is the remainder when d is divided by h?
6
Let l be (-4)/14*(-140)/6*-6. What is the remainder when (-26)/(-5)*(-5)/80*l is divided by 2?
1
Let h = -1509 + 1532. Calculate the remainder when (3/(-4))/((-4)/1216) is divided by h.
21
Suppose 2*g + 2*g - 4*p = 192, -4*g + p = -195. Suppose m + s = -m + g, -5*s + 3 = -m. Let k = m + 112. Calculate the remainder when k is divided by 34.
32
Suppose -301 = -40*f + 899. Calculate the remainder when 202 is divided by (34 - f)/(1/13).
46
Calculate the remainder when 1164 is divided by (374/(-51))/(20/6 + -4).
9
Calculate the remainder when 896 is divided by 225*27/45 - (3 - -1).
110
Let q = 3410 + -3379. Calculate the remainder when 12/42 + (-1076)/(-7) is divided by q.
30
Let s be 54*2*(-12)/18. What is the remainder when 20 - (s/9 - 1*-5) is divided by 7?
2
Suppose -5*k = 45*i - 43*i - 72, 0 = 2*i - 2. What is the remainder when 2135 is divided by k?
7
Let w(q) be the third derivative of 7*q**4/12 - 4*q**3/3 - 4*q**2. Let m be w(2). Let n = 10 + m. Calculate the remainder when 118 is divided by n.
28
Let k(z) = -z - 6. Let o be k(4). What is the remainder when (-3)/(-15) - 528/(-10) is divided by (o/(20/3))/(3/(-56))?
25
Calculate the remainder when 72941/55 - (1/(-4) - (-88)/(-160)) is divided by 133.
130
Let q(d) = -8*d**2 - 8*d + 772. What is the remainder when q(0) is divided by 5?
2
Let l(v) = 2*v**2 - 29*v - 25. Suppose -3*w - 53 = -3*b - 4*w, 0 = 5*b + w - 85. What is the remainder when 75 is divided by l(b)?
6
Let r = 158 + 72. Let t = r + -136. Suppose 0*x + 2*x - t = 0. What is the remainder when x is divided by 17?
13
Let m be 335/40 - (-6)/(-16). Suppose -m*p = -3 + 3. Suppose q = 2*q + 5*g - 13, p = -2*g. Calculate the remainder when 36 is divided by q.
10
Suppose 340 = 1392*m - 1375*m. Let p(w) = w**2 + 8*w + 24. What is the remainder when p(-11) is divided by m?
17
Suppose 61*x - 378 = 52*x. Suppose -x*o + 950 = 26. Calculate the remainder when (-1)/3 + 392/6 is divided by o.
21
Suppose -600 = -4*x + 40. Suppose -122 - x = -6*q. Let g = q - 34. Calculate the remainder when 101 is divided by g.
10
Let a = 1516 - -4805. Calculate the remainder when a is divided by 93.
90
Let w(l) be the third derivative of -l**4/3 - 11*l**3/3 - 11*l**2. Let d(z) = z + 1. Calculate the remainder when w(-4) is divided by d(3).
2
Let w = -1412 + 808. Let z = 616 + w. Suppose -y - 190 = -4*t + 49, 4*y + 12 = 0. Calculate the remainder when t is divided by z.
11
Let y(w) = 13*w**2 + 217*w + 25. Calculate the remainder when 373 is divided by y(-17).
1
Suppose 18*d - 1082 = 8*d + 1668. Calculate the remainder when 1179 is divided by d.
79
Let o(c) = 7*c + 58. Let t be o(21). Let a = -90 + t. Suppose 0 = 5*d + 5*g - 170, 3*g - 2*g + 140 = 5*d. Calculate the remainder when a is divided by d.
28
Suppose 1002 = p - 4*a, -62*a - 3894 = -4*p - 65*a. Calculate the remainder when p is divided by 89.
88
Suppose -12 = 3*v - 6*v. Calculate the remainder when 245 is divided by (-372)/3*((-9)/v)/9.
28
Let x be 5863/(-33) - (-1)/(-3). Let i = -174 - x. Let q(l) = 2*l**2 + 5*l - 5. Calculate the remainder when q(-5) is divided by i.
0
Suppose 5*b - 3*z - 3622 = 0, 648 = b - 2*z - 75. What is the remainder when b is divided by 21?
11
Let c = 4199 + -4188. What is the remainder when 1405 is divided by c?
8
Suppose 3*a = 4*k + 6, 5*k - 4*a + 8 = -0. Suppose -2*j + 10 = -k*j. What is the remainder when 28 is divided by (j/3)/(1/3)?
3
Let s(z) be the first derivative of -2*z**2 - 89*z - 37. Calculate the remainder when 27 is divided by s(-25).
5
Suppose o - 6*o + 3*q + 12 = 0, -3*q - 12 = 5*o. Suppose -4*f + f + 3 = o. Let d(u) = 13*u**2 + 2*u. What is the remainder when 29 is divided by d(f)?
14
Suppose 0 = -85*w + 2254 - 529 + 2185. Suppose -4*p = -0*p - 20. Let h(z) = z + 7. What is the remainder when w is divided by h(p)?
10
Let r(w) = w**2 - 2*w - 23. Let o be r(-5). Let s(x) = 8*x + 15. Let k be s(o). Let d = k - 107. What is the remainder when 4 is divided by d?
0
Suppose -t = -2*u + 4, 0 = -4*t + 3*u - u + 14. Calculate the remainder when 24/((-42)/112*(-8)/t) is divided by 5.
3
Suppose 15*z - 1939 = 12*z - h, 0 = -3*h + 12. Suppose -z*j = -650*j + 435. Let l(s) = -4*s + 2. What is the remainder when j is divided by l(-4)?
15
Suppose 0 = -0*m + 10*m - 30. Let h(s) = s**3 - 8*s + 6. What is the remainder when 41 is divided by h(m)?
5
Let t(z) = -2*z**3 - 10*z**2 - 99*z - 499. What is the remainder when t(-16) is divided by 140?
137
Let k(d) = 2*d**3 + 11*d**2 - 38*d - 24. Let t be k(-10). Let c = -498 - t. Calculate the remainder when 321 is divided by c.
45
Let c(q) = -4*q + 8. Let h be c(2). Let l be -5 + h - (7 - 7). What is the remainder when (-34)/85 + (-347)/l is divided by 14?
13
Let s(y) be the first derivative of 7*y**2 + 86*y + 178. Calculate the remainder when 15 is divided by s(-6).
1
Let n = 1275 + -1219. Calculate the remainder when -2*(27 - 0)*744/(-72) is divided by n.
54
Suppose 664 = -29*b + 148*b - 1835. What is the remainder when (5 - 14)*-3*10 is divided by b?
18
Suppose -8*n + 2821 = 9*n + 543. What is the remainder when 365 is divided by n?
97
Let z = 196 - 191. Suppose -z*w + 2*i = -129, -63 = -32*w + 30*w - 3*i. Calculate the remainder when w is divided by 7.
6
Let q = -314 + 324. Suppose -2*p = 2*a - 17 - 29, 0 = 2*p - q. Let x(d) = 7*d**2 - d. What is the remainder when x(-3) is divided by a?
12
Let h = 8 - 8. Suppose 0 = 5*g - h*g - 45. What is the remainder when ((-110)/(-20))/((-3)/(-42)) - 8 is divided by g?
6
Suppose 17*k + 778 = 1067. Calculate the remainder when 469 is divided by k.
10
Let y(q) = -q**3 - 3*q - 4. Suppose 9*f + 1826 = 92*f. What is the remainder when y(-3) is divided by f?
10
Let b(l) = 4*l**2 - 43*l + 78. Calculate the remainder when b(21) is divided by 17.
4
Let m be (26/7)/((-108)/28 - -4). Suppose 48 = m*w - 10*w. Let g = 8 + -2. What is the remainder when g is divided by w?
0
Let n(x) = -61*x + 5. Let h(b) = 306*b - 25. Let g(d) = -2*h(d) - 11*n(d). Let k be g(5). Suppose -14 + k = 4*u. What is the remainder when u is divided by 18?
15
Suppose -5*h + 5*a = -300, 2*h + 720*a = 718*a + 128. Calculate the remainder when 713 is divided by h.
31
Let v(o) = -19*o**3 - 2*o**2 + 132*o + 416. Calculate the remainder when v(-3) is divided by 47.
45
Let q(j) = 2*j + 21. Let z(w) = -5*w - 41. Let v(i) = 7*q(i) + 3*z(i). What is the remainder when 18 is divided by v(11)?
5
Let a(t) = t**2 + 2*t + 77. Let v(j) = -3*j**2 - 2*j - 74. Let n(u) = 4*a(u) + 3*v(u). Calculate the remainder when n(0) is divided by 29.
28
Let h(b) = -b**2 - 11*b. Let t be h(-11). Suppose 8*f + 153 - 49 = t. Let i = f - -44. What is the remainder when i is divided by 16?
15
Suppose 12*u = 28*u - 672. What is the remainder when 89 is divided by 2/1 - (u/(-3) + 1)?
14
Suppose -304 = -9*n - 322. Calculate the remainder when 201 is divided by ((-60)/40)/(n/136).
99
What is the remainder when 2107 is divided by (62832/3094)/(4/26)?
127
Let l be (3 + 10/(-5))*(0 - 7). Let c = 19 + l. Suppose -c = -4*d + 5*w, -3*d + 8 = w - 1. Calculate the remainder when 13 is divided by d.
1
Suppose 5*y + 4*d + 170 = 0, -2*d - 27 + 77 = -2*y. Calculate the remainder when (-51)/y*128 - (-8)/20 is divided by 37.
33
Let c = -164 - -167. Suppose 0 = -c*z + 6*z - 39. What is the remainder when 154 is divided by z?
11
Suppose 40*s - 27 = 31*s. Suppose 4*w - 408 = -2*v, -3*v = -8*w + s*w + 499. What is the remainder when 203 is divided by w?
1
Suppose -3*y + 328 = -500. Suppose -10*u - 164 = y. Let o = u + 53. Calculate the remainder when 42 is divided by o.
6
Let f = 541 + -473. What is the remainder when 158 is divided by f?
22
Let o = 89 - 71. Suppose 0 = -2*r + b + 7 - 1, b + o = 5*r. Suppose r = -2*m + 22. What is the remainder when 26 is divided by m?
8
Let f = 140 - 112. Let k = f + -10. What is the remainder when 68 is divided by k?
14
Let g(q) = 15*q**3 - 3*q**2 + q